ousands digit of 2902699823?
6
What is the millions digit of 437098413?
7
What is the thousands digit of 331589063?
9
What is the ten thousands digit of 25469893?
6
What is the thousands digit of 1501693?
1
What is the ten millions digit of 51965732?
5
What is the ten millions digit of 3027928873?
2
What is the hundreds digit of 666339649?
6
What is the ten millions digit of 33236409?
3
What is the millions digit of 1229260690?
9
What is the hundreds digit of 1766584425?
4
What is the millions digit of 842081760?
2
What is the ten millions digit of 337444715?
3
What is the hundred millions digit of 1557049282?
5
What is the tens digit of 521431918?
1
What is the ten millions digit of 909459828?
0
What is the ten millions digit of 5960252564?
6
What is the hundreds digit of 101196104?
1
What is the hundreds digit of 4551127278?
2
What is the hundreds digit of 3063007385?
3
What is the millions digit of 75730635?
5
What is the ten thousands digit of 3544019421?
1
What is the hundreds digit of 314452776?
7
What is the millions digit of 30347901?
0
What is the millions digit of 1469593232?
9
What is the hundreds digit of 3666181405?
4
What is the ten thousands digit of 5605270?
0
What is the ten millions digit of 2230404194?
3
What is the hundred thousands digit of 2789952880?
9
What is the ten thousands digit of 1737167143?
6
What is the ten millions digit of 70131183?
7
What is the units digit of 1530935291?
1
What is the ten thousands digit of 180091374?
9
What is the thousands digit of 617770899?
0
What is the hundred millions digit of 252802315?
2
What is the millions digit of 481338933?
1
What is the units digit of 359240215?
5
What is the ten millions digit of 19456917?
1
What is the millions digit of 50054235?
0
What is the tens digit of 720238159?
5
What is the ten thousands digit of 1558610606?
1
What is the tens digit of 557249022?
2
What is the hundred thousands digit of 589101703?
1
What is the ten millions digit of 3724089502?
2
What is the thousands digit of 1044403708?
3
What is the hundred thousands digit of 506127676?
1
What is the millions digit of 28709067?
8
What is the tens digit of 146822692?
9
What is the hundred thousands digit of 43413577?
4
What is the tens digit of 58633608?
0
What is the ten millions digit of 36685618?
3
What is the hundreds digit of 2064222?
2
What is the thousands digit of 2659589097?
9
What is the ten millions digit of 7359858970?
5
What is the units digit of 1370655417?
7
What is the thousands digit of 771545708?
5
What is the ten millions digit of 2461317560?
6
What is the tens digit of 2924404469?
6
What is the hundreds digit of 1501428622?
6
What is the hundreds digit of 38677985?
9
What is the thousands digit of 176209010?
9
What is the tens digit of 6594378737?
3
What is the billions digit of 1232546555?
1
What is the thousands digit of 28999750?
9
What is the ten thousands digit of 2526481148?
8
What is the units digit of 16826160?
0
What is the ten thousands digit of 108675558?
7
What is the millions digit of 57933642?
7
What is the units digit of 1695819283?
3
What is the tens digit of 3135972310?
1
What is the thousands digit of 14265833?
5
What is the tens digit of 1529615760?
6
What is the billions digit of 2007517106?
2
What is the units digit of 578504043?
3
What is the billions digit of 1897221050?
1
What is the ten thousands digit of 1885578444?
7
What is the hundred thousands digit of 6044939?
0
What is the hundreds digit of 23820093?
0
What is the thousands digit of 509935702?
5
What is the ten thousands digit of 410097174?
9
What is the ten millions digit of 86293253?
8
What is the thousands digit of 423039101?
9
What is the hundred millions digit of 101112125?
1
What is the units digit of 46795?
5
What is the tens digit of 151667161?
6
What is the hundred thousands digit of 296952477?
9
What is the millions digit of 226281154?
6
What is the hundred thousands digit of 1065394125?
3
What is the hundred thousands digit of 155354092?
3
What is the hundred thousands digit of 66589962?
5
What is the ten thousands digit of 745654203?
5
What is the units digit of 969868174?
4
What is the hundreds digit of 29080542?
5
What is the units digit of 3224679?
9
What is the hundred millions digit of 369699475?
3
What is the hundreds digit of 948562015?
0
What is the hundred thousands digit of 527429628?
4
What is the ten millions digit of 252956337?
5
What is the millions digit of 31717954?
1
What is the units digit of 5607437615?
5
What is the thousands digit of 1267053277?
3
What is the tens digit of 189115746?
4
What is the hundreds digit of 97562125?
1
What is the hundreds digit of 593042931?
9
What is the thousands digit of 988953206?
3
What is the ten thousands digit of 61412417?
1
What is the millions digit of 68210815?
8
What is the billions digit of 1564545656?
1
What is the hundred thousands digit of 688187673?
1
What is the tens digit of 85661295?
9
What is the hundreds digit of 22639297?
2
What is the units digit of 2964242313?
3
What is the ten millions digit of 17440263?
1
What is the ten thousands digit of 424692561?
9
What is the units digit of 53166104?
4
What is the thousands digit of 574860231?
0
What is the ten millions digit of 223676177?
2
What is the thousands digit of 436588795?
8
What is the ten millions digit of 688808755?
8
What is the units digit of 270740338?
8
What is the hundreds digit of 67436425?
4
What is the units digit of 252133700?
0
What is the tens digit of 57930482?
8
What is the hundreds digit of 4765662799?
7
What is the hundreds digit of 140370137?
1
What is the thousands digit of 1329496557?
6
What is the tens digit of 76661965?
6
What is the ten thousands digit of 2695743761?
4
What is the tens digit of 162817059?
5
What is the billions digit of 1735558351?
1
What is the tens digit of 88148374?
7
What is the ten thousands digit of 4361984369?
8
What is the millions digit of 40774163?
0
What is the hundred millions digit of 1060288569?
0
What is the tens digit of 32745426?
2
What is the millions digit of 428585785?
8
What is the hundred thousands digit of 141869094?
8
What is the ten millions digit of 296575210?
9
What is the tens digit of 62873887?
8
What is the hundred thousands digit of 556465559?
4
What is the billions digit of 3393663232?
3
What is the hundred thousands digit of 2044664805?
6
What is the hundreds digit of 53464585?
5
What is the hundred thousands digit of 47158342?
1
What is the ten millions digit of 81590389?
8
What is the tens digit of 7095471?
7
What is the hundred millions digit of 543822087?
5
What is the millions digit of 17107279?
7
What is the millions digit of 785926032?
5
What is the hundred thousands digit of 1528897681?
8
What is the ten thousands digit of 281333357?
3
What is the millions digit of 657038833?
7
What is the thousands digit of 217541593?
1
What is the thousands digit of 43973839?
3
What is the hundreds digit of 85980134?
1
What is the thousands digit of 110900318?
0
What is the thousands digit of 102950628?
0
What is the ten thousands digit of 164811524?
1
What is the ten millions digit of 59063292?
5
What is the billions digit of 2039764413?
2
What is the units digit of 563037993?
3
What is the millions digit of 1481518432?
1
What is the hundred thousands digit of 6281922?
2
What is the millions digit of 301539233?
1
What is the hundred millions digit of 1551016441?
5
What is the ten millions digit of 4357236649?
5
What is the ten thousands digit of 122403791?
0
What is the thousands digit of 977168805?
8
What is the hundred thousands digit of 1789947339?
9
What is the ten thousands digit of 617081326?
8
What is the units digit of 264360915?
5
What is the hundred thousands digit of 2360260195?
2
What is the billions digit of 2231008380?
2
What is the tens digit of 1994013069?
6
What is the hundred thousands digit of 2040777878?
7
What is the ten thousands digit of 4287475?
8
What is the thousands digit of 4272992689?
2
What is the tens digit of 254172059?
5
What is the thousands digit of 631393402?
3
What is the tens digit of 30573669?
6
What is the millions digit of 3680188989?
0
What is the millions digit of 4053261741?
3
What is the ten millions digit of 2611176907?
1
What is the ten thousands d